
2, 5, 19, 3401501
What are the prime factors of 7404202?
2, 13, 284777
What are the prime factors of 43747172?
2, 7, 37, 42227
What are the prime factors of 1340126541?
3, 13, 17, 673769
List the prime factors of 1561374794.
2, 7, 1063, 104917
List the prime factors of 76326655.
5, 15265331
List the prime factors of 1117311040.
2, 5, 103, 109, 311
List the prime factors of 97754738.
2, 23, 43, 73, 677
What are the prime factors of 34228634?
2, 11, 1555847
List the prime factors of 516402050.
2, 5, 43, 181, 1327
What are the prime factors of 103983515?
5, 97, 214399
What are the prime factors of 1710368?
2, 11, 43, 113
What are the prime factors of 66912634?
2, 33456317
What are the prime factors of 285366317?
211, 1352447
What are the prime factors of 489958724?
2, 9833, 12457
What are the prime factors of 381625549?
381625549
List the prime factors of 59467357.
337, 176461
What are the prime factors of 100942872?
2, 3, 17, 247409
List the prime factors of 377408305.
5, 19, 673, 5903
What are the prime factors of 1243591275?
3, 5, 37, 448141
List the prime factors of 2008614693.
3, 359, 691, 2699
List the prime factors of 27868935.
3, 5, 1857929
List the prime factors of 4008976444.
2, 11, 467, 195103
List the prime factors of 13663606.
2, 11, 167, 3719
List the prime factors of 110346178.
2, 55173089
List the prime factors of 92848780.
2, 5, 83, 55933
What are the prime factors of 106733213?
127, 359, 2341
List the prime factors of 1733747330.
2, 5, 7, 137, 347, 521
List the prime factors of 1396102578.
2, 3, 13, 1376827
List the prime factors of 439957605.
3, 5, 131, 181, 1237
List the prime factors of 345459946.
2, 13, 787, 16883
List the prime factors of 56704692.
2, 3, 11, 429581
What are the prime factors of 16318274?
2, 7, 73, 2281
What are the prime factors of 275896622?
2, 269, 512819
What are the prime factors of 38406494?
2, 7, 391903
What are the prime factors of 3942305299?
1523, 2588513
List the prime factors of 2491348742.
2, 17, 19, 113, 34129
What are the prime factors of 1658144540?
2, 5, 13, 647, 9857
List the prime factors of 290084239.
12647, 22937
What are the prime factors of 95274424?
2, 7, 34721
What are the prime factors of 1707206823?
3, 7, 27098521
What are the prime factors of 964392356?
2, 241098089
List the prime factors of 44125381.
569, 77549
List the prime factors of 1030854272.
2, 7, 19, 3187
What are the prime factors of 573421274?
2, 286710637
What are the prime factors of 75475120?
2, 5, 7, 134777
What are the prime factors of 2403583100?
2, 5, 4507, 5333
List the prime factors of 2865386871.
3, 199, 617, 2593
What are the prime factors of 21552896?
2, 84191
What are the prime factors of 10293941?
7, 317, 4639
What are the prime factors of 1187915308?
2, 181, 331, 4957
What are the prime factors of 5857716041?
199, 29435759
List the prime factors of 4156220486.
2, 11, 17, 2053, 5413
List the prime factors of 178444439.
83, 2149933
What are the prime factors of 75977283?
3, 25325761
What are the prime factors of 989505023?
13, 37, 433, 4751
List the prime factors of 4742204592.
2, 3, 98795929
List the prime factors of 2706999881.
23, 89, 1322423
What are the prime factors of 5515739802?
2, 3, 23, 47, 467, 607
List the prime factors of 55065789.
3, 6118421
List the prime factors of 793643259.
3, 264547753
What are the prime factors of 220588090?
2, 5, 17, 233, 5569
What are the prime factors of 1028857196?
2, 257214299
What are the prime factors of 126411840?
2, 3, 5, 4877
What are the prime factors of 39863766?
2, 3, 239, 27799
List the prime factors of 1831485001.
20879, 87719
List the prime factors of 2699290344.
2, 3, 112470431
What are the prime factors of 2267625779?
47, 48247357
List the prime factors of 696233115.
3, 5, 23, 113, 5953
List the prime factors of 1867692005.
5, 373538401
What are the prime factors of 556101173?
556101173
List the prime factors of 1021913331.
3, 340637777
List the prime factors of 51541205.
5, 19, 542539
List the prime factors of 130847672.
2, 53, 113, 2731
What are the prime factors of 288084217?
359, 802463
List the prime factors of 37685966.
2, 157, 257, 467
List the prime factors of 1764689093.
1764689093
List the prime factors of 83750340.
2, 3, 5, 1395839
List the prime factors of 102794808.
2, 3, 157, 27281
List the prime factors of 173943199.
173943199
List the prime factors of 447211203.
3, 157, 431, 2203
List the prime factors of 70694555.
5, 277, 51043
What are the prime factors of 48553519?
7, 59, 117563
What are the prime factors of 131923989?
3, 1931, 7591
List the prime factors of 1751812400.
2, 5, 13, 336887
What are the prime factors of 29636594?
2, 13, 1139869
What are the prime factors of 859298317?
859298317
What are the prime factors of 113754906?
2, 3, 293, 21569
List the prime factors of 2895358380.
2, 3, 5, 613, 78721
What are the prime factors of 53059195?
5, 7, 239, 6343
List the prime factors of 225202469.
59, 509, 7499
List the prime factors of 1643470461.
3, 17, 631861
List the prime factors of 297957902.
2, 11, 1231231
What are the prime factors of 660979124?
2, 13, 59, 215443
List the prime factors of 1907281776.
2, 3, 313, 126949
What are the prime factors of 198689525?
5, 23, 345547
List the prime factors of 19038290.
2, 5, 47, 40507
List the prime factors of 59365124.
2, 7, 13, 31, 5261
What are the prime factors of 3853373223?
3, 7, 19, 9657577
What are the prime factors of 563939840?
2, 5, 43, 47, 109
What are the prime factors of 44542979?
13, 3426383
List the prime factors of 2465765886.
2, 3, 173, 2375497
List the prime factors of 87557268.
2, 3, 31, 235369
List the prime factors of 117231964.
2, 29307991
What are the prime factors of 2142864746?
2, 11, 804983
What are the prime factors of 28349859?
3, 53, 178301
What are the prime factors of 3210530?
2, 5, 321053
List the prime factors of 294499028.
2, 823, 89459
List the prime factors of 3231236935.
5, 43, 15029009
What are the prime factors of 597190049?
653, 914533
List the prime factors of 1024390079.
1024390079
What are the prime factors of 336531454?
2, 7, 24037961
What are the prime factors of 51151541?
7, 251, 4159
What are the prime factors of 6816405584?
2, 557, 764857
What are the prime factors of 34243612?
2, 13, 211, 3121
List the prime factors of 440500112.
2, 13, 193, 10973
List the prime factors of 71557122.
2, 3, 7, 13, 83, 1579
What are the prime factors of 478091819?
73, 2441, 2683
What are the prime factors of 1244687919?
3, 12011, 34543
List the prime factors of 357168503.
673, 530711
What are the prime factors of 93695344?
2, 2399, 2441
What are the prime factors of 45773974?
2, 22886987
What are the prime factors of 167332670?
2, 5, 16733267
List the prime factors of 3906053510.
2, 5, 390605351
List the prime factors of 166730278.
2, 11, 13, 582973
What are the prime factors of 1132003683?
3, 125778187
List the prime factors of 121763989.
19, 6408631
What are the prime factors of 6113969628?
2, 3, 13, 39192113
List the prime factors of 407581563.
3, 43, 1013, 3119
What are the prime factors of 1575475230?
2, 3, 5, 7, 59, 127157
What are the prime factors of 3560475832?
2, 59, 7543381
What are the prime factors of 176808403?
10169, 17387
What are the prime factors of 688144919?
7, 11, 8936947
What are the prime factors of 354804437?
13, 911, 29959
List the prime factors of 381860237.
11, 23, 137, 479
What are the prime factors of 2842449?
3, 947483
List the prime factors of 204551134.
2, 67, 313, 4877
List the prime factors of 321001447.
13, 19, 1299601
What are the prime factors of 3307368292?
2, 17, 71, 685039
What are the prime factors of 72423525?
3, 5, 965647
What are the prime factors of 1235709588?
2, 3, 3739, 27541
What are the prime factors of 720694804?
2, 17, 47, 225499
What are the prime factors of 167857937?
13, 37, 461, 757
List the prime factors of 92105107.
92105107
What are the prime factors of 735816704?
2, 7, 102653
What are the prime factors of 176656916?
2, 409, 107981
List the prime factors of 59471386.
2, 13, 233, 9817
What are the prime factors of 89039663?
223, 399281
What are the prime factors of 16649336?
2, 11, 137, 1381
List the prime factors of 873470959.
873470959
List the prime factors of 184552042.
2, 53, 109, 15973
List t